0. Is (-3513)/(-2) - r/(-136) composite?
False
Let w(b) = -b**3 + 104*b**2 + 84*b + 5728. Is w(101) a prime number?
False
Let z = -157250 + 362037. Is z a prime number?
False
Suppose 3*q = 4*g - 18, -8 = -6*g + 2*g - 2*q. Suppose g*w + 6*z = 4*z + 2229, -2*z = -w + 751. Is w a prime number?
False
Suppose -9*y + 115 = -4*y. Let u = y - 23. Suppose -4*m + 1772 + 1052 = u. Is m a composite number?
True
Let f = 10036 - 6056. Suppose 9*d + 5*p = 4*d + 19890, -3*p = d - f. Is d prime?
False
Let f(u) = 12*u**3 - 17*u**2 + 24*u + 17. Let m be f(10). Suppose -3*a - m = -30*a. Is a prime?
False
Suppose 2*k - 202104 = -2*p, 25*p + 505253 = 30*p - 2*k. Is p composite?
False
Let g be (-13896)/(-20)*40/(-16). Let j = g - -6754. Is j prime?
False
Suppose -2*u + 29872 = -10*u. Is (-1 + u/4)*(-114)/171 a prime number?
False
Let l(f) = -f + f**3 + 10*f**3 - 1 + 9*f**3 - 23*f**3. Let s be l(-1). Suppose 3*i - 3*y + 264 = 1056, s*i = -4*y + 757. Is i a prime number?
False
Let p = 8320 - 4365. Suppose -5*l + 0*l = 5*v - p, 3947 = 5*v + 3*l. Is v composite?
False
Suppose 0*s = 2*s + 12. Is s/((-11)/((-56243)/(-2))) composite?
True
Suppose 4076903 = 5*p + 2*x, -4076907 = -5*p - 5*x + 7*x. Is p a prime number?
False
Suppose w = -f + 296876, -4*w - f = -6*w + 593731. Is w prime?
False
Is 30/((-1740)/(-1047103))*(1 - -1) a composite number?
False
Let a(w) = 3145*w**2 - 108*w - 44. Is a(5) a prime number?
True
Let m(g) = -3*g - 20. Let f be m(-6). Is (f/1)/(16/(-5912)) composite?
False
Let q be 25/3 + (-1)/(-3)*-1. Suppose -2*g = -0 + q. Is 3*g/36*-381 a prime number?
True
Let m = 17191 - 5534. Is m a prime number?
True
Let b(i) = i**2 - 15*i + 27. Let x be b(13). Suppose 5*l + x + 14 = 5*r, 2*r + l = 3. Suppose r*c - 509 = 2157. Is c a prime number?
False
Suppose b + 3*u = 168 + 28, -2*b - 3*u + 398 = 0. Let c(x) = 24*x + 5. Let j be c(-4). Let f = b - j. Is f a composite number?
False
Let r = 4596 - -1784. Suppose 0 = -5*v - k + 7989, -8*k + 10*k = 4*v - r. Is v a prime number?
True
Suppose 0 = 2*x - 4 - 14. Suppose -12*v + x*v = 405. Is v/(-6) - 6/4 prime?
False
Suppose 2 + 10 = 4*u. Suppose 64 = b + u*b. Suppose b = -4*o, -3*f - 2*f - 4*o = -6399. Is f composite?
False
Let h(r) = r**2 + 3. Let g be h(-3). Suppose -2*o = -3*c + g, -3*c - 5*o - 3 = -6*c. Is ((-1348)/c)/(4/(-6)) a prime number?
True
Let i(h) = -42*h - 18. Let k(b) = -85*b - 37. Let y(j) = 5*i(j) - 2*k(j). Let p be y(-2). Suppose -p - 489 = -n. Is n a prime number?
False
Suppose -17*z = -15*z + 4*m + 14, -m = 5*z - 10. Is ((-62052)/9 - z)/((-4)/12) composite?
False
Let l(f) = -30*f + 3. Let t be l(3). Let n = t - -382. Is n a composite number?
True
Let q(g) = 91 + 137*g - 180*g - 312*g. Is q(-4) composite?
False
Suppose 5*d + h = 556612, -98*d - 445286 = -102*d + h. Is d prime?
False
Let c(z) = 3446*z**2 + 7*z - 26. Let r be (3/15 - (-96)/(-30)) + 6. Is c(r) composite?
True
Is 115996/4 - (-280)/28 a prime number?
True
Suppose 159 - 181 = -11*j. Suppose 3*g - 1121 = -j*i, i - 5*g = -3*g + 543. Is i a composite number?
True
Let s(z) = -39*z**2 - 8*z + 8. Let u(w) = -116*w**2 - 24*w + 25. Let q(p) = -7*s(p) + 2*u(p). Let b be q(5). Let t = b + 778. Is t a prime number?
False
Let f be 3/(-12) + 452/16 + 4. Is (-16)/f - 4107/(-2) a composite number?
False
Let l be (-356516)/(-14) + 108/(-252). Suppose 5*j - 5*z - l = 0, -5*j - 4*z = 8235 - 33718. Is j a prime number?
False
Suppose 681201 = 5*m - j, 9*j = 3*m + 6*j - 408711. Is m prime?
False
Let m(o) = -1977 + 1990 + 8*o**2 - 17*o - 11*o. Is m(9) a composite number?
False
Let r = 3328 + -88. Let d = r + 9977. Is d a prime number?
True
Let r be (2 + -1)/(0 + 4 + -5). Let n = r + 11. Is 53992/85 - 2/n composite?
True
Is 8*(-8)/(-320) + (-676134)/(-5) composite?
True
Let s be ((-5)/3)/(0 + 3/(-9)). Let k be -4 + (7315 - s)/5. Suppose 3*f = k - 273. Is f prime?
False
Suppose 2*i - 5*r - 26 = -r, -4*i - 3*r + 85 = 0. Let k = i - 7. Is 188*-11*(-3)/k a composite number?
True
Suppose -49*w - 242341 = 220611. Is 4/12*-1 + w/(-12) a prime number?
True
Let x = -145785 - -252923. Is x a composite number?
True
Let q(a) = 415*a**3 - 12*a**2 - 15*a + 277. Is q(12) prime?
True
Is ((-4)/(-1) - ((-325)/(-26) - 11))*169502 a prime number?
False
Let x(i) = -21*i**3 + 2*i**2 - 4*i - 11. Let r be -1*(-30)/(-25)*(5 - 0). Is x(r) a composite number?
False
Is (6 + -1784726 + 4)/(-4) composite?
False
Suppose -2*v - 2*v - g + 58569 = 0, -3*g + 15 = 0. Suppose -29*j = v - 787172. Is j composite?
True
Suppose 39*x - 47*x = 120. Is -1*(-7045)/x*-3 composite?
False
Is (-381397 + (-16)/(-2))/(-1) - 10 a composite number?
True
Suppose a - 2*w - 12 = 0, 4*a - 2*a = 2*w + 34. Suppose -10 = 4*x - a. Suppose -5*l + 3839 = -x*n, 5*l = -2*n + 1952 + 1897. Is l composite?
False
Suppose -374*v + 656*v + 382*v = 1952476728. Is v composite?
True
Let u(s) = 34226*s**3 + 7*s**2 - 2*s. Let m be 2/(-19) + (-441)/(-399). Is u(m) a prime number?
True
Let l = 6 + 12. Let w = l - 12. Is (-2 + w)/4*157 a prime number?
True
Let b = 73363 + -52152. Is b a prime number?
True
Let m(h) = -h**3 - 11*h**2 + 5*h - 19. Suppose 6*u = -64 - 14. Is m(u) a composite number?
True
Let p(m) = 12*m**2 - 13*m + m**3 + 0 + 30 - 11*m - 12. Let v be p(-17). Let t = 782 - v. Is t a composite number?
False
Suppose -5*s + 30 = 0, 2*t - 986 = s - 5*s. Is t a composite number?
True
Suppose 30*t - 18*t - 3367434 = 2920098. Is t a composite number?
True
Let h be (-3)/(-9) + 227/3. Let m = 9288 + -9109. Let s = m - h. Is s a composite number?
False
Let c = -35 - -39. Is c*6/(72/7962) prime?
False
Let m(r) = -98*r + 12*r**2 - 104*r + 308*r + 13 - 101*r. Is m(8) a prime number?
True
Let m = -13 + -3. Let r(x) = 41*x**3 + 2*x**2 + 2*x. Let z be r(-1). Let p = m - z. Is p a prime number?
False
Let v(u) = -5*u**2 + 5*u + 4. Let f be v(-1). Let b be 4856/(-12)*f/4. Let z = b + 470. Is z composite?
True
Let u = -66727 + 166714. Is u prime?
False
Let z be ((-2)/4)/(2/(-20)). Suppose -x = 3*u - 5330, -6*u + 2*u + 5*x = -7132. Suppose -z*h - 83 = -u. Is h a prime number?
False
Suppose -4*c = 35*s - 38*s + 153394, 0 = 2*s + 3*c - 102223. Is s prime?
False
Suppose 10*i + 8 = 8*i. Let g be (5 + -1 - i)/((-2)/(-5)). Is 2/(-10) + 49504/g + -2 prime?
True
Let u be 3 + -1 - -15 - (3 - 1). Let z(j) = -j**2 + 28*j + 6. Is z(u) composite?
True
Let x be (-8556 - -50)*10/(-4). Suppose 3*o = -2*o + x. Is o a composite number?
False
Let d = 4335 - 855. Suppose -168 = -k - 5*l + d, k - 3647 = -4*l. Is k composite?
False
Let m = -32883 + 651766. Is m prime?
True
Let a = -10 - -18. Suppose 3*u = -4*z + a, -2*z + 0*z + 4*u + 4 = 0. Is z*(-3 + 7835/10) prime?
False
Let d = -68 + 71. Suppose -4*f - 2*t = -3562, 275 + 2389 = d*f - t. Is f a composite number?
True
Suppose 7*c = -3*r + 720706, 8*c - 4*c - 1201169 = -5*r. Is r a composite number?
True
Let s = 31983 - -51860. Is s prime?
True
Let d(w) = 344*w**2 - 27*w + 19. Let x be d(18). Suppose -x = -24*t + 74363. Is t a prime number?
True
Let z = 125518 + -53925. Is z composite?
False
Let c(a) = -a**2 - 17*a + 6. Let q be c(-17). Suppose -4*g - 20 = -4*m, 0 = 2*m - 5*m + q. Is (g + -1 - -1) + 2206 composite?
False
Suppose -2*i = 3*z - 205 - 37, -385 = -3*i + z. Let l = i - -310. Is l composite?
True
Suppose 176*i - 4 = 175*i, 108136 = 4*b + 3*i. Is b a prime number?
True
Suppose 5*g - 5*m = 1830, -4*g + 113 = 2*m - 1381. Suppose -g + 89 = -3*u. Let y = u + 303. Is y composite?
False
Let c = 131 - -22. Let k be (((-8)/6)/2)/((-2)/c). Let l = k + 902. Is l a prime number?
True
Let l(x) be the first derivative of x**4/4 + 3*x**3 + 3*x**2/2 + 4*x + 46. Is l(10) a composite number?
True
Suppose 719*z + 50587891 = 760*z. Is z prime?
True
Suppose 0 = -14*u + u + 767. Suppose 0 = -9*l + 10*l - u. Is l a prime number?
True
Suppose 36*n - 2077476 = 1124256. Is n prime?
True
Let d(n) = -3*n**3 - 51*n**2 - 31*n - 6. Let s be d(-12). Let q = -2033 + -1424. Let g = s - q. Is g composite?
False
Suppose 89*v = 47*v + 3819102. Is v prime?
True
Suppose -76*m + 3*r - 2378901 = -80*m, 6*m = -r + 3568341. Is m a composite number?
True
Let q be 584 + (-3 - -1) - 3. Let d = 1814 + q. Is d a prime number?
True
Let i be 72/(-60)*19*85. Suppose -3*s = 750 + 2703. Let t = s - i. Is t composite?
False
Let h(r) = 32869*r + 45. Let v be h(-